(r) = -r**3 - 3*r**2 - 2*r - 3. Suppose 10 = 5*c + 5*a, c + 2*a = 3*a + 2. Suppose -4*j + 5*w = 28, -c*j = j - w + 10. Calculate k(j).
-3
Let b(g) = -g**3 + 8*g - 3. Suppose -3*f + 2*k - 5*k + 9 = 0, -2*f - 3*k = -6. What is b(f)?
-6
Let p be (36/15)/(4/10). Suppose p = -c - 10. Let u be (-8)/c + 6/(-4). Let a(y) = 6*y**2 - 1. Determine a(u).
5
Suppose -5*q + 14 = 3*n, 5*n - 6 = -3*q + 12. Let g(c) be the second derivative of 0*c**2 - 2/3*c**3 + 0 + n*c. Determine g(1).
-4
Let v(n) = -n**3 + n - 22. Let b(l) = 2. Let s(c) = -6*b(c) - v(c). What is s(0)?
10
Suppose 15*f + 68 - 8 = 0. Let b(n) be the first derivative of 1 + 5*n - 3*n**2 + 4*n**2 + 0*n**2. What is b(f)?
-3
Let u(k) = -k**2 - 5*k - 10. Let s(f) = -2*f**3 + 2*f**2 + 4. Let q be s(2). Calculate u(q).
-6
Suppose -5*i = 4*u + 6, u = -i + 6*u + 22. Suppose 5*p = 4*g - 0 + 3, -9 = -5*p + i*g. Let d(b) = -3*b**2 + p*b + 2*b**2 - 1 - 3*b + 5*b. What is d(3)?
5
Let g be 534/24 + (-2)/8. Let y = g + -24. Let n(o) = o**2 + o - 2. What is n(y)?
0
Suppose 2*g + 3*n + 9 = -2*n, -3*g = -2*n - 15. Suppose o + 0*o + q - 2 = 0, -3*q = 0. Let h(d) = 4*d**3 + 6 - 5 - o*d - g*d**3. Give h(2).
5
Let b(j) = 9*j**2 + 3*j**2 - 11*j**2 - 5. Determine b(3).
4
Let u be (2 - 0)*(-27)/(-18). Let k(v) = v + 2 + 0*v - 2*v + 3. Calculate k(u).
2
Let c(v) = -v**3 - v**2 - v + 1. Let i(n) = -5*n**3 - 5*n**2 - 4*n + 8. Let l(r) = -4*c(r) + i(r). Let a(q) = -q**2 + 4*q. Let s be a(4). What is l(s)?
4
Let d = 1029 + -1034. Let y(r) = 5*r + 13. Calculate y(d).
-12
Let x(q) = -4*q + 1 - 1 - 3 + 2. Suppose -j + 5 = 0, 4*j + 2 = -4*s + 18. Calculate x(s).
3
Let f(s) = s + 1. Let g(l) = -5*l - 1. Let d(v) = 3*v - 4. Let b be d(1). Let w(a) = b*g(a) - 6*f(a). Let i(z) = -z - 1. Let h be i(3). Calculate w(h).
-1
Let r(z) be the first derivative of -z**4/4 - 7*z**3/3 - 5*z**2/2 + 7*z + 27. Suppose -i - 18 = 2*i. What is r(i)?
1
Suppose -5*j = -5*d - 35, 13*d - 11*d = -4*j - 2. Let g(r) = -r**3 - 6*r**2 - 5*r + 5. Determine g(d).
5
Let j(x) = x**2 + 8*x - 1. Suppose -4*i + 18 = b, -2 = b + i - 2*i. Suppose 0 = 6*c - c + 20, 0 = -3*p + b*c - 4. Give j(p).
-17
Let j(w) = w - 2*w + 2*w. Let u(h) = h + 7. Let r be u(-7). Let k be (r + 18/15)*-5. Calculate j(k).
-6
Let o(a) = -35*a + 72 + 36*a - 74. Suppose l - 30 = -4*z, 0 = 3*z - 0*z + l - 22. Calculate o(z).
6
Let j(n) be the second derivative of n**4/12 - 5*n**3/6 + 2*n**2 - 4*n + 12. Calculate j(5).
4
Let j(f) = 2*f - 3*f + 0*f - 20 - 1 + 5. Calculate j(-8).
-8
Let u(w) = -w**2 - 6*w - 16. Let h(j) = j**2 + 5*j + 16. Let s(k) = -7*h(k) - 6*u(k). Let g be 2/32 + (1287/528)/(-39). Determine s(g).
-16
Let y(s) = -s**3 - 2*s. Let t be y(0). Let l(a) = -a**3 + a**2 - 1. Determine l(t).
-1
Let j(q) = q - 13. Let o = -111 - -61. Let h = 57 + o. Calculate j(h).
-6
Suppose -4*y - 5 = 59. Let z be y/(-2) + (-1 - 0). Let s(d) = 2*d**2 - d**3 + 5*d + 2*d**2 - z*d + 2. Calculate s(4).
-6
Let l(g) = g - 5. Let s(o) = -7*o - 26. Let z(f) = -2*f - 5. Let r(t) = -s(t) + 3*z(t). Suppose 2*j + j = -21. Let m be r(j). What is l(m)?
-1
Let q(a) be the first derivative of a**2 + 7*a + 1. Let g be (-2)/(-2) - 7/((-11)/(-11)). Determine q(g).
-5
Let g(h) = -h**2 + 9*h - 8. Let u = 18 + -11. Let l(s) = 4*s + 7. Let t be l(u). Suppose 8*n = 3*n + t. Calculate g(n).
6
Let l(p) be the first derivative of -p**4/2 + 3*p**3 + 2*p**2 + 3*p + 99. Give l(5).
-2
Let r(z) = -z**2 + z. Suppose 36*u = 53*u + 34. What is r(u)?
-6
Let s(f) = 7*f - 4 + 11*f**2 - f - 4*f - 10*f**2. Calculate s(-4).
4
Let g(f) be the second derivative of f**4/12 + f**3/3 + f**2/2 + 23*f. Suppose -2*b + 7*v - 4*v = 1, -1 = -4*b + 3*v. Let x = b + 1. Determine g(x).
9
Let a(v) = 16*v**2 + 161958 - 161999 - 19*v - v**3 + 2*v**3. Calculate a(-17).
-7
Let a(p) = 2*p + 3. Let z be 18*((-71)/12 + 18/(-24)). Let q = z + 115. What is a(q)?
-7
Let i be (-2)/(-4) + (28/8 - 2). Let o(a) = -a**2 + 3*a**2 - 2*a**2 - a**i - a. Determine o(-5).
-20
Let i(b) = 4*b**2 - 2 + 4 + 2 + 6 - b**3 - 5. Suppose 5*d + 295 = -3*j, 0 = -4*j - 3*d - 239 - 169. Let s be j/(-25) + (-2)/10. Determine i(s).
5
Let s(w) = w**2 - 5*w - 3. Let a be s(6). Suppose -a*u + 9 = -6*u. Let y(z) = z**3 + 3*z**2 + 6*z + 3. Let f(i) = -i. Let g(b) = 4*f(b) + y(b). What is g(u)?
-3
Let g(f) = f - 95 + 41 + 0*f + 50. What is g(2)?
-2
Let m(b) = b**3 + 2*b**2 - 4*b - 3. Suppose -5*w - 4*l = 16, -5*l - 11 = 4*w - 0. Give m(w).
-19
Let n(k) = -k**3 + 2*k + 0*k**3 + 12*k**2 + 19 - 6 + 10*k. Determine n(13).
0
Let f(v) = -v**2. Let a(z) = -13 + 17*z + 0 - 38*z + 23*z. Let k be a(8). Suppose 7 - k = -4*r. Calculate f(r).
-1
Let i be 5*(-2)/(-3)*12/8. Suppose 4*t - 4*q + 24 = 0, -11 = 2*t - i*q + 10. Let l(j) = -3*j**2 - 2*j + 3. What is l(t)?
-18
Let x(h) = h**3 - 4*h**2 + 2*h. Let k be x(4). Let l = 11 - k. Suppose 2*c = l*b + 2, -5*b + 5 = -2*c - 3*c. Let g(u) = -u - 6. Calculate g(c).
-1
Let y(x) = x**2 + 16*x - 46. Let s(m) = 4*m**2 + 63*m - 185. Let k(c) = -2*s(c) + 9*y(c). Give k(-20).
-4
Let r(k) be the second derivative of -7 + 1/6*k**3 - 1/20*k**5 - 3/2*k**2 + 5*k - 1/3*k**4. Determine r(-4).
-7
Let d(f) = f + 1. Suppose 4*n - 23 = 5. Let p(r) = 6*r - n + 13 - r. Let y(g) = 11*d(g) - 2*p(g). Give y(-6).
-7
Let r(m) = 2 - 2299*m**2 - 6 - 3*m + 2300*m**2. Determine r(3).
-4
Let i(s) = -s**2 - 1. Let o(d) = -6*d**2 + d. Let v(r) = 5*i(r) - o(r). Suppose 4*b - 6 = -3*j + 6, -3*b + 5*j - 20 = 0. What is v(b)?
-5
Let y(w) = -4*w + 18. Let z be y(5). Let i(k) = 3*k**2 + k - 2. Let m be i(z). Suppose 13 = 3*p - m. Let c(x) = -x**3 + 8*x**2 - 8*x - 2. Determine c(p).
-9
Suppose 6 + 2 = -2*g. Let o(s) = -5*s**2 + s - 4. Let n(f) be the third derivative of -f**5/10 - 5*f**3/6 - f**2. Let b(k) = g*n(k) + 5*o(k). Determine b(6).
-6
Let g be (55/(-10))/((-10)/4 - -2). Let a(c) = 3*c + 6. Let j(f) = 2*f + 3. Let p(t) = g*j(t) - 6*a(t). Give p(6).
21
Let v(s) = -1 + 3*s - 5*s + 2 + 11. What is v(11)?
-10
Let k(i) = -2*i**2 - 5 + i + 5. Let b(t) = -t**2 - 9*t - 19. Let u be b(-5). Let f be (0 - (u + 0))*-3. Calculate k(f).
-15
Let x(s) = -s**3 - 6*s**2 + 9*s + 9. Let y(v) = -v**2 + 29*v + 383. Let f be y(-10). Calculate x(f).
-5
Suppose -5*m - 8 = -0*m - 2*x, -2*m - x = -4. Suppose -5*s + 10 = -m*s. Suppose -3*i - s = -p + 10, 2*p - 5*i = 19. Let v(j) = j**2 + 4*j - 1. What is v(p)?
-4
Let d be (-47 + 52)*(-1 + 1*2). Suppose 0 = -c + 4*c + d*i - 4, -14 = -4*c + 2*i. Let s(v) = v - 4. Determine s(c).
-1
Let u(r) = 2*r**2 + 2*r**2 + 2 - 7*r - 3*r**2 + 2*r. Let s be (-5 - 2) + 6/(-2). Let m be (9 - 11)/(4/s). Give u(m).
2
Let w(x) = x + 9. Suppose 4*i - 122 = 5*l, -5*l + 2*i + 3*i = 125. Let o = 22 + l. Give w(o).
9
Let s(j) = -5*j**2 + 3*j - 6. Suppose 0 = -10*l + 35*l - 50. Calculate s(l).
-20
Let f(w) = -2030 - w**3 + 2031 + 12*w + 2*w**2 - 9*w. Calculate f(-2).
11
Suppose 7 = -f + 3. Suppose -t - 5*h + 19 = 0, 7*t + 4*h + 4 = 3*t. Let g(u) = u. Let n(a) = a - 1. Let y(j) = t*g(j) + 5*n(j). Give y(f).
-1
Suppose -102 - 124 + 58 = 21*g. Let a(y) = y - 8. Let c(f) = 5*f - 33. Let w(k) = 9*a(k) - 2*c(k). Give w(g).
2
Let s(r) = r. Let q(l) = -l + 10. Let m be q(7). Let w be s(m). Let a(c) = c - 2. Give a(w).
1
Let k(l) = l**3 + 6*l**2 + 6*l + 4. Suppose -2*z = -w - 0*z - 5, 0 = -5*w + 2*z - 25. What is k(w)?
-1
Let p(q) be the first derivative of 7 - 2/3*q**3 + 2*q + 0*q**2. Let d = -4 + 6. What is p(d)?
-6
Let l(d) be the second derivative of -d**5/20 + 3*d**4/4 - 4*d**2 - 2*d - 2. Suppose -4*g + 36 = -0. Determine l(g).
-8
Let m(k) = k + 1. Suppose -j + 5*n + 4 = -0*j, 38 = -5*j - 4*n. Let x be (j/(-9))/(8/36). Suppose 18 = 6*i - x*i. What is m(i)?
7
Let d(x) = -2*x + 13. Let n be d(14). Let r(m) = m**2 + 15*m - 5. Determine r(n).
-5
Let r(l) be the first derivative of -l**5/20 - l**4/12 - 3*l - 11. Let s(t) be the first derivative of r(t). Calculate s(-3).
18
Let i be (-49 - 5)*(-3)/9. Suppose x + i = -4*p, -5*p + 0*x - 3*x = 26. Let d(g) be the first derivative of -g**3/3 - 2*g**2 - g - 2. Determine d(p).
-1
Let v(q) be the first derivative of -q**4/4 + 11*q**3/3 - q**2/2 + 5*q + 516. Let x(j) = j**2 - 2*j + 3. Let f be x(4). Determine v(f).
-6
Let a(m) be the first derivative of -m**4/4 - 7*m**3/3 - 3*m**2 - m - 2. Suppose 19*c = -33*c - 312. Calculate a(c).
-1
Let m(z) = -4*z**3 - 9*z**2 + 